{"id":1011,"date":"2019-06-04T21:08:02","date_gmt":"2019-06-04T19:08:02","guid":{"rendered":"http:\/\/kindernaescht.ch\/?page_id=1011"},"modified":"2022-01-10T15:09:06","modified_gmt":"2022-01-10T13:09:06","slug":"betreuung","status":"publish","type":"page","link":"https:\/\/kindernaescht.ch\/?page_id=1011","title":{"rendered":"BETREUUNG"},"content":{"rendered":"\n<div style=\"height:50px\" aria-hidden=\"true\" class=\"wp-block-spacer\"><\/div>\n\n\n\n<div class=\"wp-block-image\"><figure class=\"aligncenter is-resized\"><img loading=\"lazy\" decoding=\"async\" src=\"http:\/\/kindernaescht.ch\/wp-content\/uploads\/2019\/08\/Betreuung.jpg\" alt=\"\" class=\"wp-image-1123\" width=\"423\" height=\"258\" srcset=\"https:\/\/kindernaescht.ch\/wp-content\/uploads\/2019\/08\/Betreuung.jpg 295w, https:\/\/kindernaescht.ch\/wp-content\/uploads\/2019\/08\/Betreuung-246x150.jpg 246w, https:\/\/kindernaescht.ch\/wp-content\/uploads\/2019\/08\/Betreuung-150x92.jpg 150w\" sizes=\"auto, (max-width: 423px) 100vw, 423px\" \/><\/figure><\/div>\n\n\n\n<hr class=\"wp-block-separator is-style-default\"\/>\n\n\n\n<p class=\"has-text-align-center\">Wir betreuen Kinder von 18 Monaten bis 12 Jahren stundenweise, bieten aber auch eine regul\u00e4re Tagesbetreuung an.<\/p>\n\n\n\n<p class=\"has-text-align-center\">Das Basler Kindern\u00e4scht befindet sich mitten in der Basler Innenstadt. Unsere R\u00e4ume sind sehr grossz\u00fcgig und farbenfroh gestaltet. Sie bieten den Kindern gen\u00fcgend Platz zum spielen, toben, basteln oder sich auch mal zur\u00fcckzuziehen.<\/p>\n\n\n\n<p class=\"has-text-align-center\">Auch Kinder mit Behinderungen oder Einschr\u00e4nkungen sind bei uns herzlich Willkommen. Unser erfahrenes Team geht liebevoll auf die Kinder ein und integriert sie im Spiel und sozialem Umgang mit Anderen. Unser Ziel ist es, die Eltern ein wenig zu unterst\u00fctzen und\/oder ihnen ein paar freie Stunden zu erm\u00f6glichen, w\u00e4hrend sich die Kinder bei und am\u00fcsieren und austoben k\u00f6nnen.<\/p>\n\n\n\n<hr class=\"wp-block-separator is-style-default\"\/>\n\n\n\n<p class=\"has-text-align-center has-medium-font-size\"><strong>Unsere \u00d6ffnungszeiten:<\/strong><\/p>\n\n\n\n<p class=\"has-text-align-center\">Montag \u2013 Freitag &nbsp; &nbsp; &nbsp;&nbsp; 08:00 \u2013 18:00 Uhr<\/p>\n\n\n\n<p class=\"has-text-align-center\">Samstag \u00a0 \u00a0 \u00a0 \u00a0 \u00a0 \u00a0 \u00a0 \u00a0 \u00a0\u00a0\u00a0 09:00 \u2013 17:00 Uhr<\/p>\n\n\n\n<p class=\"has-text-align-center\">Sollte der Fall eintreffen, dass wir ab 16 Uhr keine Kinder mehr in der Betreuung haben, erlauben wir uns das Basler Kindern\u00e4scht fr\u00fcher zu schliessen. An den Samstagen ab 14 Uhr.<\/p>\n\n\n\n<hr class=\"wp-block-separator is-style-default\"\/>\n\n\n\n<p class=\"has-text-align-center has-medium-font-size\"><strong>Die Betreuungspersonen:<br><\/strong><\/p>\n\n\n\n<p class=\"has-text-align-center\">Alle unsere Betreuungspersonen verf\u00fcgen \u00fcber Erfahrung und Qualifikation in Kinderbetreuung, P\u00e4dagogik oder k\u00f6rperorientierter Arbeit. Der Betreuungsschl\u00fcssel im Basler Kindern\u00e4scht ist 1 zu 10. F\u00fcr einen Notfall haben wir einen zus\u00e4tzlichen Pikettdienst eingerichtet.<\/p>\n\n\n\n<hr class=\"wp-block-separator is-style-default\"\/>\n\n\n\n<p class=\"has-text-align-center\">Trotz des vielseitigen Angebots wird auch Wert auf das freie Spielen gelegt, denn das Kindern\u00e4scht soll kein Pendant zum Kindergarten sein. Die Kinder sollen das tun k\u00f6nnen, wozu sie Lust haben, ihre eigenen Ideen entwickeln, und dies ohne jeden Leistungsdruck.<\/p>\n\n\n\n<p class=\"has-text-align-center\">Im Kindern\u00e4scht wird auf ein Klima der gegenseitigen Akzeptanz und R\u00fccksichtnahme geachtet. Im Spiel soll das Miteinander gef\u00f6rdert werden. Das sch\u00fcchterne Kind hat genauso seinen Raum wie das Aktiv-Dynamische.<\/p>\n\n\n\n<hr class=\"wp-block-separator is-style-default\"\/>\n\n\n\n<p class=\"has-text-align-center has-medium-font-size\"><strong>Sicherheit \/ Haftung<\/strong>:<\/p>\n\n\n\n<p class=\"has-text-align-center\">Unsere&nbsp;Betreuungspersonen sind sorgf\u00e4ltig instruiert wie sie bei Unf\u00e4llen, Feueralarm etc. vorzugehen haben. Eine Arztpraxis direkt im Haus gew\u00e4hrleistet die erste Notfallversorgung. <\/p>\n\n\n\n<p class=\"has-text-align-center\">Wir \u00fcbernehmen keine Haftung f\u00fcr Sch\u00e4den, die an mitgebrachten Spielsachen oder Kleidern entsteht, daher ist die Haftpflichtversicherung Sache der Eltern, genauso wie die Krankenversicherung.<\/p>\n\n\n\n<hr class=\"wp-block-separator is-style-default\"\/>\n","protected":false},"excerpt":{"rendered":"<p>Wir betreuen Kinder von 18 Monaten bis 12 Jahren stundenweise, bieten aber auch eine regul\u00e4re Tagesbetreuung an. Das Basler Kindern\u00e4scht befindet sich mitten in der Basler Innenstadt. Unsere R\u00e4ume sind sehr grossz\u00fcgig und farbenfroh gestaltet. Sie bieten den Kindern gen\u00fcgend Platz zum spielen, toben, basteln oder sich auch mal zur\u00fcckzuziehen.\u2026 <a class=\"continue-reading-link\" href=\"https:\/\/kindernaescht.ch\/?page_id=1011\">Continue reading<\/a><\/p>\n","protected":false},"author":1,"featured_media":0,"parent":22,"menu_order":1,"comment_status":"closed","ping_status":"closed","template":"","meta":{"footnotes":""},"class_list":["post-1011","page","type-page","status-publish","hentry"],"_links":{"self":[{"href":"https:\/\/kindernaescht.ch\/index.php?rest_route=\/wp\/v2\/pages\/1011","targetHints":{"allow":["GET"]}}],"collection":[{"href":"https:\/\/kindernaescht.ch\/index.php?rest_route=\/wp\/v2\/pages"}],"about":[{"href":"https:\/\/kindernaescht.ch\/index.php?rest_route=\/wp\/v2\/types\/page"}],"author":[{"embeddable":true,"href":"https:\/\/kindernaescht.ch\/index.php?rest_route=\/wp\/v2\/users\/1"}],"replies":[{"embeddable":true,"href":"https:\/\/kindernaescht.ch\/index.php?rest_route=%2Fwp%2Fv2%2Fcomments&post=1011"}],"version-history":[{"count":15,"href":"https:\/\/kindernaescht.ch\/index.php?rest_route=\/wp\/v2\/pages\/1011\/revisions"}],"predecessor-version":[{"id":2580,"href":"https:\/\/kindernaescht.ch\/index.php?rest_route=\/wp\/v2\/pages\/1011\/revisions\/2580"}],"up":[{"embeddable":true,"href":"https:\/\/kindernaescht.ch\/index.php?rest_route=\/wp\/v2\/pages\/22"}],"wp:attachment":[{"href":"https:\/\/kindernaescht.ch\/index.php?rest_route=%2Fwp%2Fv2%2Fmedia&parent=1011"}],"curies":[{"name":"wp","href":"https:\/\/api.w.org\/{rel}","templated":true}]}}

<div style="height:50px" aria-hidden="true" class="wp-block-spacer"></div>



<div class="wp-block-image"><figure class="aligncenter is-resized"><img loading="lazy" decoding="async" src="http://kindernaescht.ch/wp-content/uploads/2019/08/Betreuung.jpg" alt="" class="wp-image-1123" width="423" height="258" srcset="https://kindernaescht.ch/wp-content/uploads/2019/08/Betreuung.jpg 295w, https://kindernaescht.ch/wp-content/uploads/2019/08/Betreuung-246x150.jpg 246w, https://kindernaescht.ch/wp-content/uploads/2019/08/Betreuung-150x92.jpg 150w" sizes="auto, (max-width: 423px) 100vw, 423px" /></figure></div>



<hr class="wp-block-separator is-style-default"/>



<p class="has-text-align-center">Wir betreuen Kinder von 18 Monaten bis 12 Jahren stundenweise, bieten aber auch eine reguläre Tagesbetreuung an.</p>



<p class="has-text-align-center">Das Basler Kindernäscht befindet sich mitten in der Basler Innenstadt. Unsere Räume sind sehr grosszügig und farbenfroh gestaltet. Sie bieten den Kindern genügend Platz zum spielen, toben, basteln oder sich auch mal zurückzuziehen.</p>



<p class="has-text-align-center">Auch Kinder mit Behinderungen oder Einschränkungen sind bei uns herzlich Willkommen. Unser erfahrenes Team geht liebevoll auf die Kinder ein und integriert sie im Spiel und sozialem Umgang mit Anderen. Unser Ziel ist es, die Eltern ein wenig zu unterstützen und/oder ihnen ein paar freie Stunden zu ermöglichen, während sich die Kinder bei und amüsieren und austoben können.</p>



<hr class="wp-block-separator is-style-default"/>



<p class="has-text-align-center has-medium-font-size"><strong>Unsere Öffnungszeiten:</strong></p>



<p class="has-text-align-center">Montag – Freitag &nbsp; &nbsp; &nbsp;&nbsp; 08:00 – 18:00 Uhr</p>



<p class="has-text-align-center">Samstag                     09:00 – 17:00 Uhr</p>



<p class="has-text-align-center">Sollte der Fall eintreffen, dass wir ab 16 Uhr keine Kinder mehr in der Betreuung haben, erlauben wir uns das Basler Kindernäscht früher zu schliessen. An den Samstagen ab 14 Uhr.</p>



<hr class="wp-block-separator is-style-default"/>



<p class="has-text-align-center has-medium-font-size"><strong>Die Betreuungspersonen:<br></strong></p>



<p class="has-text-align-center">Alle unsere Betreuungspersonen verfügen über Erfahrung und Qualifikation in Kinderbetreuung, Pädagogik oder körperorientierter Arbeit. Der Betreuungsschlüssel im Basler Kindernäscht ist 1 zu 10. Für einen Notfall haben wir einen zusätzlichen Pikettdienst eingerichtet.</p>



<hr class="wp-block-separator is-style-default"/>



<p class="has-text-align-center">Trotz des vielseitigen Angebots wird auch Wert auf das freie Spielen gelegt, denn das Kindernäscht soll kein Pendant zum Kindergarten sein. Die Kinder sollen das tun können, wozu sie Lust haben, ihre eigenen Ideen entwickeln, und dies ohne jeden Leistungsdruck.</p>



<p class="has-text-align-center">Im Kindernäscht wird auf ein Klima der gegenseitigen Akzeptanz und Rücksichtnahme geachtet. Im Spiel soll das Miteinander gefördert werden. Das schüchterne Kind hat genauso seinen Raum wie das Aktiv-Dynamische.</p>



<hr class="wp-block-separator is-style-default"/>



<p class="has-text-align-center has-medium-font-size"><strong>Sicherheit / Haftung</strong>:</p>



<p class="has-text-align-center">Unsere&nbsp;Betreuungspersonen sind sorgfältig instruiert wie sie bei Unfällen, Feueralarm etc. vorzugehen haben. Eine Arztpraxis direkt im Haus gewährleistet die erste Notfallversorgung. </p>



<p class="has-text-align-center">Wir übernehmen keine Haftung für Schäden, die an mitgebrachten Spielsachen oder Kleidern entsteht, daher ist die Haftpflichtversicherung Sache der Eltern, genauso wie die Krankenversicherung.</p>



<hr class="wp-block-separator is-style-default"/>

<p>Wir betreuen Kinder von 18 Monaten bis 12 Jahren stundenweise, bieten aber auch eine reguläre Tagesbetreuung an. Das Basler Kindernäscht befindet sich mitten in der Basler Innenstadt. Unsere Räume sind sehr grosszügig und farbenfroh gestaltet. Sie bieten den Kindern genügend Platz zum spielen, toben, basteln oder sich auch mal zurückzuziehen.… <a class="continue-reading-link" href="https://kindernaescht.ch/?page_id=1011">Continue reading</a></p>
